-5*k - 2*q + 577 + 43 = 0, -2*k + 232 = 4*q. List the prime factors of k.
2, 3, 7
Suppose 0 = 4*z - 6*z + 6. Suppose -28 - 41 = -z*h. What are the prime factors of h?
23
Suppose 3*l + 75 = 6*l. List the prime factors of l.
5
Suppose 219 + 89 = 4*c. What are the prime factors of c?
7, 11
What are the prime factors of 1492/12 - 5/15?
2, 31
Let a(g) = g**3 - 5*g**2 + g + 5. Let f be a(4). Let o = 9 + f. List the prime factors of o.
2
Let a = 11 - 6. Suppose 69 = 2*k + g - 66, 25 = -5*g. Suppose a*z = -10 + k. List the prime factors of z.
2, 3
Suppose -2*d - 6 = -0*d. List the prime factors of (9/d - 10)*-1.
13
Let o = 129 - 73. Suppose -3*c + o = c. What are the prime factors of c?
2, 7
Suppose 3*x = -i + 57, -2*i = 2*x - 53 + 11. List the prime factors of 2/(-9) + 40/x.
2
List the prime factors of (36/(-14))/((-69)/322).
2, 3
Let o(f) = -f**2 - 2. Let l be o(-2). Let w(d) be the second derivative of d**4/12 + 5*d**3/6 + 2*d. List the prime factors of w(l).
2, 3
What are the prime factors of 2 - (-1165)/(-15)*1*-3?
5, 47
Let j = 4 - 7. Let g = -3 - j. Suppose -5*b + 38 = 3*v - 28, g = 2*b + 4*v - 32. What are the prime factors of b?
2, 3
Let c = -2 - 2. Suppose -2*l = 13 - 1. Let w = c - l. List the prime factors of w.
2
Suppose 0 = -2*v - 0*v + 6. Suppose -v*o = -o. Suppose o = s - 2*x - 0 + 2, -16 = -4*x. List the prime factors of s.
2, 3
Let p be (-54)/(-4)*2/3. Suppose -5*z - j = -18 - p, 2*z = -4*j. Suppose 2*i - 14 - z = 0. List the prime factors of i.
2, 5
Let a(g) = -8*g + 5. Let w(d) = -7*d + 4. Let u(l) = 3*a(l) - 4*w(l). Let s(x) = x**3 + x**2 + 1. Let h be s(-1). What are the prime factors of u(h)?
3
Suppose -2*l = 2*l - 12. Suppose -6 = -l*t, 9*z - 4*z + t = 632. List the prime factors of (z/3)/3 + 1.
3, 5
Suppose -16*y = -14*y - 230. What are the prime factors of y?
5, 23
Suppose -r = j - 9, -46 = -4*j + 2*r - 4*r. Suppose -u + j = 4*s - 59, -3*u = -4*s + 85. List the prime factors of s.
19
Let u = -22 + 85. List the prime factors of u.
3, 7
Let n(r) = 11*r**3 - 5*r**2 + 4*r. What are the prime factors of n(2)?
2, 19
Let m = -9 - -105. What are the prime factors of (m/(-36))/(2/(-18))?
2, 3
Let c(n) = n + 3. Let g = -3 + 0. Let f be c(g). Suppose 2*b = -3*i + 19, 3*b = i - f + 45. List the prime factors of b.
2, 7
Suppose 2*t - 178 = 4*x - 3*x, -4*t - 3*x = -376. List the prime factors of t.
7, 13
Suppose -5*j = -m + 6*m - 15, -3*j - m = -19. Let h be (54/j)/(3/12). Suppose -3*a + 3 = -h. What are the prime factors of a?
2, 5
Let i be 1/1 - (-3 + 4). Let p = 2 - i. Suppose 3*s = -4*j - 0*s + 39, p*j = -4*s + 12. List the prime factors of j.
2, 3
Suppose -594 = -4*c - 2*c. List the prime factors of c.
3, 11
Suppose y = -y + 92. List the prime factors of y.
2, 23
Let v = -3 + 5. Suppose -7*b + v*b = -165. List the prime factors of b.
3, 11
Suppose 0*g + 145 = 5*g. List the prime factors of g.
29
Let w = -22 + -2. Let i = w + 63. List the prime factors of i.
3, 13
Let l = -25 - -62. List the prime factors of l.
37
Suppose 2*h - 2 = 28. List the prime factors of h*(-4)/4*-1.
3, 5
Suppose 4*c + 30 = -26. Let a = c + 25. List the prime factors of a.
11
What are the prime factors of (-124)/(-10) - 10/25?
2, 3
Suppose 0 = 2*h - 8, -5*j = -j - 2*h - 572. List the prime factors of j.
5, 29
Suppose 5*t + 9 = -1. List the prime factors of (t/(-1))/2*18.
2, 3
Let u = -5 - 5. Let h = 1 - u. List the prime factors of h.
11
What are the prime factors of 0 + (-18)/(-4)*10?
3, 5
Let g(d) = 22*d + 20. What are the prime factors of g(4)?
2, 3
Let x(r) = 3*r**2 + 3*r - 4. List the prime factors of x(-4).
2
Let t(y) = -y - 6. Let n be t(-7). Let i(q) = 24*q**2 + 1. What are the prime factors of i(n)?
5
Let c = -90 - -261. List the prime factors of c.
3, 19
Let a be (-44)/(-3) - 7/(-21). Let t = a - 9. Suppose q + 73 = t*q + 4*r, -q + 4*r = -5. List the prime factors of q.
13
Let v be 8/((0 - 1) + 3). Suppose v*p - 3*p = 13. What are the prime factors of p?
13
Suppose 4*n - 51 = 21. What are the prime factors of n?
2, 3
What are the prime factors of (-1)/(-2) + (-1956)/(-24)?
2, 41
Let t be 4/12*(-15 - -3). What are the prime factors of -3 - 20/t - -30?
2
Let t(r) = -6*r + 3. Let y(n) = -6*n + 2. Let b(o) = -6*t(o) + 7*y(o). Let q = -5 - -2. List the prime factors of b(q).
2, 7
Let f be 4*((-9)/(-6))/3. Suppose -7*n + f*n + 5*t + 180 = 0, 0 = 2*n + t - 66. What are the prime factors of n?
2, 17
Suppose 3*z = -y + 24, y - 5*z = -3 - 13. List the prime factors of y.
3
Let m = 21 + -15. List the prime factors of 14/(0 + 4/m).
3, 7
Let t = -73 - -104. List the prime factors of t.
31
Let j(v) be the first derivative of v**4/4 + 7*v**3/3 + v**2/2 - v - 3. Let t be j(-7). List the prime factors of t/(-12)*(-33)/(-2).
11
Suppose 3*n - 220 = 5*i, 206 = -0*n + 3*n + 2*i. List the prime factors of n.
2, 5, 7
Let h(q) = -q**3 + 6*q**2 + q + 1. List the prime factors of h(5).
31
Suppose -5*z = -0*z - 20. Let f be z/(2/4*4). Let x = 6 + f. What are the prime factors of x?
2
Suppose -2*o - 3*i = -90, 0 = 2*o - 3*i - 62 - 28. List the prime factors of o.
3, 5
Let u(b) = 2*b**3 - b**2 - b. Let f be u(-1). Let j = f - -5. Suppose j*s + m + 11 = 30, 22 = 2*s + 3*m. What are the prime factors of s?
5
Let z = 10 + -7. What are the prime factors of z?
3
Let i(n) = -n**2 + 3*n + 2. Let z(w) be the second derivative of -w**5/20 + w**4/2 - w**3 + 7*w**2/2 - 3*w. Let p be z(5). What are the prime factors of i(p)?
2
Let g = -179 + 436. What are the prime factors of g?
257
What are the prime factors of ((-28)/(-35) + (-76)/(-5))*4?
2
Suppose 6 = h + 2*h. Suppose 0 = 2*i - 25 - 5. Suppose -i = -h*q + 1. List the prime factors of q.
2
Suppose 0*f + 20 = -4*f, -4*f = 5*q - 2195. List the prime factors of q.
443
Let r be (-7)/2 + 1/2. Let n(k) = -14*k + 17. Let b(a) = 5*a - 6. Let s(q) = 8*b(q) + 3*n(q). List the prime factors of s(r).
3
Suppose 4*c - 4 = 2*c. List the prime factors of c.
2
Let l = 51 - -121. List the prime factors of l.
2, 43
Suppose 0 = -17*a + 2305 + 2285. List the prime factors of a.
2, 3, 5
Let n(o) = o**2 + 6*o - 6. Let d(s) = -s + 1. Let y be d(-3). Let g be n(y). Suppose 4*i - g = z, -2*i - 3*z = -3*i + 3. List the prime factors of i.
3
Let d(l) = l**3 + 6*l**2 - 2. Let u be d(-5). Let y = -16 + u. List the prime factors of y.
7
Suppose -5*g + 105 = 4*t, -2*t = t - 4*g - 102. What are the prime factors of t?
2, 3, 5
Let u be (-5)/2*18/(-15). Let q be -1 - (-1 + (-6)/2). What are the prime factors of (14/u)/(q/9)?
2, 7
Suppose 3*a - 126 = 42. What are the prime factors of a?
2, 7
Let o(k) = -16*k - 27. List the prime factors of o(-16).
229
Let b(u) = u**3 - 9*u**2 - 10*u + 14. What are the prime factors of b(10)?
2, 7
Let v(w) = 12*w**2 - 1. Suppose 8 - 2 = 3*m, -11 = -s - 5*m. What are the prime factors of v(s)?
11
Suppose -2*u - 4*q = -92, -3*u = -4*q + 8*q - 142. List the prime factors of u.
2, 5
Let q(v) = -v + 2. Suppose u + 6 = -4*w, -2*u - 16 = -w - 4. What are the prime factors of q(u)?
2
Suppose -1 = -2*f + f. Let n = 4 + f. List the prime factors of n.
5
Suppose a - g = -1, -11 = 2*a - 3*g - 2*g. Suppose 3*u + a*c - 26 = 0, 2*u - 18 = -c - 0*c. What are the prime factors of u?
2, 5
Let t(m) = m - 5. Let c be t(0). Let h = c + 5. Suppose 4*g - g - 21 = h. List the prime factors of g.
7
Let u(b) = b**3 + b**2 - b + 11. Suppose 0 = -5*r + 35. Let z = 7 - r. What are the prime factors of u(z)?
11
Suppose 5*r - 272 = 4*l, 3*r - 2*l - 141 = 21. List the prime factors of r.
2, 13
List the prime factors of (-8)/28 + (-368)/(-14).
2, 13
Suppose 0*u - 24 = 2*u. List the prime factors of u/6 - 72/(-2).
2, 17
Suppose -4*z + 50 = -5*p - 30, 0 = 5*p. Suppose 0 = -f - 5, 3*f = -b - 2*f - z. What are the prime factors of b?
5
Suppose -3*r + 28 = r. Suppose -j + r = -3. Suppose j = 6*l - l. What are the prime factors of l?
2
Let h be (3/(-2))/(2/(-20)). Suppose h = q + 2*q. What are the prime factors of q?
5
Let o(m) = m + 3. Let g be o(0). Suppose 0 = b - g*s - 0*s - 57, 0 = -4*s - 20. Suppose 0 = 3*c + 9 - b. List the prime factors of c.
11
Let p = -1 - -3. Suppose p*k - 7 = 9. List the prime factors of k.
2
Let p(c) = c**3 + 2*c**2. Let i be p(-2). Let w be 5/((-1)/2*-2). Suppose 4*v - 59 = -4*d + w*v, -5*d - 2*v + 64 = i. List the prime factors of d.
2, 7
Suppo